4 = 0. List the prime factors of j.
2, 31
Suppose 2*f + 6074 = 4*f. Suppose f = 4*p + w, 42*p - 40*p + 4*w - 1536 = 0. List the prime factors of p.
2, 379
Let i(j) = 13*j**2 - 276*j - 775. What are the prime factors of i(-58)?
3, 5, 3931
Let f(u) = -5*u**2 - 2*u + 68. Let l(n) = 9*n**2 + 4*n - 137. Let p(g) = 7*f(g) + 4*l(g). List the prime factors of p(15).
3, 61
Let t(p) be the second derivative of 11/2*p**2 - 4*p + 5/4*p**4 + 13/3*p**3 + 0 + 1/20*p**5. What are the prime factors of t(-13)?
11
Let q = 7575 - -1023. List the prime factors of q.
2, 3, 1433
Let a(n) be the second derivative of 1/3*n**4 - 1/20*n**5 + 0 - 2*n**2 - 24*n + 7/6*n**3. What are the prime factors of a(4)?
2, 3
Suppose -y - 3542 = h - 13188, -4*h = 2*y - 19282. What are the prime factors of y?
3, 3217
Suppose 187*v = 190*v - 3528. Let w = v + -557. What are the prime factors of w?
619
Let h(i) = -3*i**3 - 7*i - 7. Let c be h(-1). List the prime factors of 2246/4 - c/2.
2, 5, 7
Let q = 62343 - 31824. What are the prime factors of q?
3, 3391
Let k(i) = -15*i + 37. Let b(d) = -10*d + 24. Let x be b(7). Let q = x - -41. List the prime factors of k(q).
2, 7
Let f = 976 + -899. Suppose 500 = 4*x - 12. Let r = x - f. List the prime factors of r.
3, 17
Let k(d) = -10*d + 62. Let p be k(6). Let t = -1211 - -2177. What are the prime factors of ((-1)/p)/(-3*7/t)?
23
Let d be 1029/4 - ((-46)/8 - -5). Suppose 17*t - 371 = d. List the prime factors of t.
37
Suppose -4 = -25*u + 23*u. Suppose -2*r + 2*i = -762, -u*i + 1917 = 5*r - 4*i. What are the prime factors of r?
5, 7, 11
Suppose -170*l + 863 = -174*l + 25967. What are the prime factors of l?
2, 3, 523
Suppose 113*m - 121*m = -24. Let f(w) = 20*w**3 + 2*w**2 + 5*w - 18. What are the prime factors of f(m)?
3, 5, 37
List the prime factors of -2*3/(-21) - (-3831970)/238 - -3.
2, 3, 11, 61
Suppose -3*d = -5*o + 2*d + 4725, 2*o + d - 1902 = 0. Let n = o - 503. List the prime factors of n.
2, 223
Let b be (-5)/(-1*(-2 - -3)). Suppose 3*h - b*h + 526 = 0. What are the prime factors of h?
263
Suppose -22*i - z = -26*i + 124378, 0 = i - 2*z - 31091. List the prime factors of i.
3, 5, 691
Let i(k) = 12*k + 12. Let o be i(12). Let y = 356 - o. List the prime factors of y/9 + (-22)/99.
2, 11
Suppose 0 = 4*b - 2*d - 26, 7*b + 22 = 12*b + d. Suppose -2768 = -3*j - 2*l, -1827 = 7*j - 9*j - b*l. What are the prime factors of j?
2, 463
Let t = 599 + -579. Suppose -10*n = -t*n + 3180. List the prime factors of n.
2, 3, 53
Let p(j) = 3*j**3 + 86*j**2 - j - 1. List the prime factors of p(-7).
3191
Suppose 4*m - 3*y - 2960 = 0, -5*m + 8*y + 3701 = 4*y. What are the prime factors of m?
11, 67
Let k(d) = -14*d + 71. Let x be k(6). Let u(l) = -l - 12. Let r be u(x). List the prime factors of (135/r - -4)/1.
139
Let z = 885 - 98. Suppose 94 = -x + z. List the prime factors of x.
3, 7, 11
Let s be (2/3)/(1/(915/(-10))). Let v = s + 80. What are the prime factors of (2/1 - 11)*(18 - v)?
3
Let r be (4 + 0 + -3)*-1*0. Suppose -117*m + 119*m - 522 = r. List the prime factors of m.
3, 29
Suppose 0 = -17*c + 29*c - 96. Let u be 15/(c/52 + 11/182). Suppose 14*g = 16*g - u. List the prime factors of g.
5, 7
Let u(z) = -z**3 - 12*z**2 - 11*z + 12. Let q be ((-4)/(-3))/((-10)/15) + 83. Let a = -92 + q. What are the prime factors of u(a)?
2, 3
Suppose -10*u + 513 = -927. Suppose -347 = -3*t - 5*h, h = 2*t - u - 96. Suppose -85 = -3*i + 2*z, -4*i + t = z + 2*z. List the prime factors of i.
29
Suppose 0 = 2*n + 4*s - 8, 11 = 2*n - s + 2*s. Let c(o) = -4*o + 29. Let v be c(n). Suppose 91 = v*f - 169. What are the prime factors of f?
2, 13
Let b(q) be the first derivative of q**3/3 - 11*q**2/2 + 13*q + 15. Let w be b(10). Suppose -w*x - 214 + 715 = 0. List the prime factors of x.
167
Let a = -58 + 38. Let z = a - -55. Suppose -z = 3*p - f - 414, 0 = -3*p + 4*f + 391. List the prime factors of p.
5
Let z(t) = t**3 + 4*t**2 + 6*t + 5. Let p be z(-3). Let q(f) = -26*f - 3. Let g be q(p). Suppose 2*w - 3*w + g = 0. What are the prime factors of w?
101
Let q(i) = i**2 - 10*i - 33. Let d be q(15). Suppose 0 = -d*o + 27*o + 780. List the prime factors of o.
2, 13
Suppose -4*w = -5*t + 119, -6*t + 2*t + 3*w + 95 = 0. Suppose t*l - 1824 = 19*l. List the prime factors of l.
2, 3, 19
Suppose -5*k = -5*q + 216845, 389*q = 393*q + 5*k - 173413. List the prime factors of q.
2, 3, 11, 73
Let m be (-1004)/18 - (-22)/(-99). Let b = m + 80. What are the prime factors of -3 + (b/(-9))/(6/(-225))?
97
Let f = 31814 + -3304. List the prime factors of f.
2, 5, 2851
Let b(s) = -5 - 15*s**2 - 3*s + 3 + 35*s**2 + 4. Let a be b(1). Let h(m) = 2*m + 32. What are the prime factors of h(a)?
2, 5, 7
Suppose 0 = 3*x + u - 17426, -5*u = 4*x + 10796 - 34016. What are the prime factors of x?
2, 5, 7, 83
Let q(l) = l**3 - 6*l**2 + 3*l + 41. List the prime factors of q(4).
3, 7
Let v(n) = 4 + 548*n**2 + 0*n - 545*n**2 + 0*n. What are the prime factors of v(0)?
2
Let d(r) = 499*r**2 + 9*r - 8. Let o be d(1). Suppose 96 + o = 4*s. What are the prime factors of s?
149
Suppose -2*y + 805 = d, 2*d + 3165 = 6*d - 3*y. Let j = d + 579. What are the prime factors of j?
2, 3, 229
Let s(j) = -65*j - 180. Let m be s(-14). Suppose -3784 = -5*c + v + m, -3*c = -5*v - 2704. What are the prime factors of c?
3, 7, 43
Let h(z) = z**3 + 104*z**2 + 60*z + 2787. List the prime factors of h(-102).
3, 5, 233
Suppose -947 = -3*l + 2*l + 2*d, 0 = -5*l - 2*d + 4783. Suppose l = 3*q + 259. What are the prime factors of q?
2, 29
Let k(i) = i**3 - 9*i**2 + 7*i + 12. Let x be k(8). Suppose 0 = -3*a - 4*r + 3100, r = -4*a + x*r + 4150. List the prime factors of a.
2, 7, 37
Let y be 24/36 - (-466)/(-6). List the prime factors of (y/3)/(-2 - (-472)/240).
2, 5, 7, 11
Let a = -962 + 6140. What are the prime factors of a?
2, 3, 863
Suppose 7364 = -41*b + 1050. Let l = b - -798. List the prime factors of l.
2, 7, 23
Suppose -272*k + 3593102 = -109*k - 288743. What are the prime factors of k?
5, 11, 433
Suppose 6*q - 31 = -7. Suppose 2*a + 0*a - 5*s = 408, q*a - 792 = 4*s. Suppose -7*z - a = -9*z. What are the prime factors of z?
97
Let l(s) = 5*s + 77. Let v be l(-10). Suppose 0 = 14*u - v*u + 7124. What are the prime factors of u?
2, 137
Suppose -2*a = 5*a + 21. What are the prime factors of 1 - a - 1980/(-12) - 0?
13
Let s = -1913 - -2877. What are the prime factors of s?
2, 241
Let j = 15 + -21. Let k(h) = 2*h**2 + 10*h - 8. Let t be k(j). Suppose 154 + 22 = t*u. What are the prime factors of u?
2, 11
Let t(v) = 807*v**2 + 64*v - 236. List the prime factors of t(8).
2, 3, 4327
Let u be (-11083)/(-15) + -10*4/(-300). Let z = u - 523. List the prime factors of z.
2, 3
Let d be (5 - 2)*-1 + 7*1. Suppose 0 = -3*a + z - 4*z + 411, -425 = -3*a + d*z. List the prime factors of a.
139
Suppose 27706 = 21*h - 115052. List the prime factors of h.
2, 3, 11, 103
Let x(z) = -2*z**3 + 889. Let t be x(0). Suppose -4*f = -1563 - t. List the prime factors of f.
613
Let w(c) = 4*c**2 + 2*c - 1. Let x(j) = -3*j - 26. Let s be x(-9). Let a be w(s). Let o(l) = 14*l + 10. What are the prime factors of o(a)?
2, 5
Suppose -6*f + 321854 = -106094 - 55340. List the prime factors of f.
2, 13, 1549
Let d = -77 + 131. Let v = d - 51. Suppose -65 = v*m + 5*p - 373, -459 = -4*m + 3*p. What are the prime factors of m?
3, 37
List the prime factors of (43604/10)/((-42)/(-5) + -10 + 2).
11, 991
Suppose 0 = 19*i - 21157 - 32252. Suppose -2*u + 2268 = 2*x, 4*x + i = 5*u - 2859. What are the prime factors of u?
2, 3, 7
Let z(j) be the first derivative of -j**4/4 + 6*j**3 - 41*j**2/2 - 24*j - 152. What are the prime factors of z(10)?
2, 3, 61
Suppose 40*t - 42*t - 8936 = 0. Let p = -3046 - t. List the prime factors of p.
2, 3, 79
Suppose 5*h - 6009 - 5101 = -2*k, -3*k + 16646 = -2*h. What are the prime factors of k?
2, 3, 5, 37
Let j(g) = 8*g**2 - 130*g - 408. List the prime factors of j(-9).
2, 3, 5, 47
What are the prime factors of (-3)/2 - -1 - 1825669/(-122)?
2, 3, 29, 43
List the prime factors of 22/5 - (-2 + 7) - 8793/(-5).
2, 3, 293
Let t = 6726 - 4449. List the prime factors of t.
3, 11, 23
Let r(d) = -824*d - 4119. What are the prime factors of r(-66)?
3, 5, 1117
Suppose 110*w - 125*w = -60. Suppose -w*s + y = -888, -s + 20*y + 213 = 22*y. What are the prime facto